ine u(10).
4
Let v(r) = 4*r + 3 + 11 + 15 - 16. Give v(0).
13
Let z(l) be the first derivative of -l**2 + 2*l - 216. Suppose -4*i + 32 = -5*w + 1, 11 = -w + 2*i. Let b be ((-24)/w)/((-8)/(-4)). Calculate z(b).
-6
Let s(q) = q - 1. Let k(c) = -3*c - 10. Let p(n) = -n**3 + 17*n**2 - 15*n - 19. Let b be p(16). Let j be k(b). Give s(j).
-2
Suppose 74*u - 79*u = -5*r, -4*u = -5*r - 4. Let g(n) = 4*n**2 + 21*n + 11. Give g(r).
-9
Let x(b) = b**2 - 33*b + 283. Let u be x(16). Let s(h) = 5*h + 3. Give s(u).
58
Let v(r) = -10*r + 41. Let b(y) = 3*y - 12. Let n(l) = 7*b(l) + 2*v(l). What is n(-22)?
-24
Let s = -524 - -527. Let v(a) = 5*a - 7. Give v(s).
8
Let o(f) = -f**3 + f**2 - 4*f + 2. Let k be o(0). Let x(v) = -2*v + 0*v**k + 2*v**2 - 69 + 68. Give x(2).
3
Let o be 403/(-62) - (0 - (-2)/4). Let q(r) = -r**2 - 13*r - 30. What is q(o)?
12
Let i = 6 - 2. Let c(n) = 4 + 14*n - i. Let u be (-6 + 18/4)/(21/(-14)). Calculate c(u).
14
Let b(c) = -c**3 - 5*c**2 + 7*c + 7. Let m be b(-6). Let l(u) = -3*u + 1. Let x be l(m). Let y(z) = 32 - z + 31 + 47 - 110. Calculate y(x).
2
Let x(j) = -6*j**3 + j - 1. Let p(z) = -46*z**2 - 3*z - 3. Let k be p(-1). Let i = 47 + k. Calculate x(i).
-6
Let w(h) be the second derivative of -2/3*h**3 - 1 - 2*h - h**2. Determine w(-5).
18
Let x(k) = 4*k**3 - 2. Let p(y) = -y**3 - y**2 + 2. Let a(s) = 5*p(s) + x(s). Let m be (-2)/4*6*(-5)/(-3). What is a(m)?
8
Let o(y) = -4*y**2 + 16 - 13*y - 159*y + 4*y**2 + 216*y - 3*y**2. Give o(12).
112
Let o be ((-8)/18)/((-24)/432). Suppose o = -5*x + 3. Let d(k) = -k - 1 + 3*k - 4*k + 7*k**2. What is d(x)?
8
Let c = 0 - -3. Suppose c*v - 20 + 9 = -5*a, 4*a = -v + 13. Suppose a*n = -8, -2*n + 6 = -4*g - g. Let h(b) = -5*b**2 - b - 2. Determine h(g).
-20
Let p(b) = -4*b - 57. Suppose 29*d - 16 = -480. Calculate p(d).
7
Let x(o) = -10*o + 14*o - 6*o + 8*o**2 - 8 + 0. Let h(n) = -8*n**2 + 2*n + 10. Let y(v) = -3*h(v) - 4*x(v). What is y(-1)?
-8
Let d(i) = -3*i**2 + 11*i - 35. Let r be d(7). Let p = -102 - r. Let t(h) = 619 + p*h**2 - 4*h**2 - 628 - 9*h. Determine t(-8).
-1
Let f(c) = -c**3 - 4*c**2 - 2*c - 2. Let b = -282 + 177. Let m = -68 - b. Let i = m + -40. Give f(i).
-5
Let u be 16*(-4 - 102/(-24) - 0). Let v(g) be the second derivative of 1/12*g**u - 11/2*g**2 + 0 + 0*g**3 + 10*g. Determine v(0).
-11
Let h = 121 + -110. Let j(p) = 17*p**2 + 19*p - 15. Let b(n) = 3*n**2 + 4*n - 3. Let o(s) = h*b(s) - 2*j(s). Determine o(4).
5
Suppose 3*k + 14 = 5*k. Let i = k + -4. Let s(r) be the first derivative of -r**3/3 + r**2 - 3*r - 135. What is s(i)?
-6
Suppose 36*s = 37*s - 19. Suppose 6*l + s + 11 = 0. Let x(y) = y**3 - y**2. Let z(u) = -2*u**3 + 8*u**2 - 4*u - 7. Let a(j) = 3*x(j) + z(j). Determine a(l).
13
Let d(k) = -k**2 - 84*k + 84. Let u(z) = 4*z**2 + 421*z - 472. Let b(g) = 11*d(g) + 2*u(g). Calculate b(-27).
7
Let m(z) = -40*z - 508. Let x(p) = 320*p + 4230. Let i(v) = 25*m(v) + 3*x(v). Give i(2).
-90
Let o(q) be the second derivative of q**5/30 - q**4/24 - q**3/3 + 247*q**2/2 - 11*q. Let l(s) be the first derivative of o(s). Determine l(-1).
1
Let f(k) = 13*k**3 - 17*k**2 + 13*k - 65. Let l(j) = 7*j**3 - 9*j**2 + 7*j - 32. Let h(n) = -6*f(n) + 11*l(n). What is h(0)?
38
Let d = 9069 + -9074. Let k(v) = 5*v + 9. Calculate k(d).
-16
Let u(a) = a**2 + 3*a + 1. Let r = 6 + -11. Let z be ((7 - 46)/13)/((-6)/(-8)). Let p(d) = -d**2 - 4*d - 2. Let x(h) = r*u(h) + z*p(h). Calculate x(-3).
-9
Let t(a) be the first derivative of -7*a**3/3 + 4*a**2 + 9*a - 1986. Calculate t(-1).
-6
Let n(w) = w**2 - 4. Let r(d) = d**2 + 22*d + 71. Let b be r(-15). Let c = b - -37. What is n(c)?
5
Let o(b) be the second derivative of 48*b + 0 + 1/3*b**3 - 17/2*b**2 + 1/20*b**5 - 4/3*b**4. Give o(16).
15
Let t(i) = -13*i**2 + 5*i - 6. Let m(r) = 3*r**2. Let b(c) = -4*m(c) - t(c). Suppose 5 = 68*l - 67*l. Determine b(l).
6
Let r(h) be the first derivative of -h**6/120 - 7*h**5/60 - h**4/6 - 5*h**3/6 + 19*h**2/2 + 79. Let d(l) be the second derivative of r(l). What is d(-7)?
23
Let a(p) be the second derivative of -p**3/2 - 3*p**2 - 4*p. Suppose 0 = -17*s + 11*s - 36. Determine a(s).
12
Let g be (1 - 4) + 18 + -15. Let s(p) be the second derivative of -p**4/12 + p**3/6 - 15*p**2/2 - 35*p - 12. Calculate s(g).
-15
Let c(h) = -5*h - 2. Let z(i) = 2*i + 3. Let y(g) = 2*c(g) + 3*z(g). Give y(8).
-27
Let i = 456 + -231. Let j = i - 227. Let n(f) = -f**2 - 6*f - 3. What is n(j)?
5
Let n(b) be the third derivative of -b**4/12 - 16*b**3 - b**2 - 1444*b - 4. What is n(-48)?
0
Suppose -8*q + 102*q + 411 = 5*q - 34. Let i(n) be the first derivative of n**4/4 + 2*n**3 + 3*n**2/2 - 10*n - 1. Determine i(q).
0
Let v(c) = c**2 + 2*c - 1. Let b(k) = -5*k**2 - 8*k - 7. Let n(h) = -b(h) - 6*v(h). What is n(-5)?
8
Let p(i) = -21*i + 8. Let l be p(0). Let z(t) = l*t**2 + 13 + t - 1 - 2*t - 9*t**2. What is z(0)?
12
Let d = 281 - 287. Let m(p) = p**3 + 7*p**2 + 5*p + 3. Determine m(d).
9
Let k = 90775/6 + -15129. Let l(b) be the second derivative of 16*b + 0 - k*b**3 - 11/2*b**2. Give l(-9).
-2
Let p(a) = -a**2 + 7*a - 15. Let i(t) = -3*t**2 + 4*t + 22. Let g be i(3). Calculate p(g).
-15
Let c = 19509 + -19503. Let b(f) = -5*f + 28. Calculate b(c).
-2
Let h(q) = 137*q + 19. Let t be h(1). Let p(l) = -t*l + l**2 + 324*l - 162*l. Give p(-5).
-5
Let z(h) = -74*h - 13 + 154*h - 79*h. Give z(-3).
-16
Let z(q) = -q + 4. Let t = 25 - -32. Suppose 0 = 12*m + t + 3. What is z(m)?
9
Let z(r) = -12*r. Let w(u) be the first derivative of u**2/2 - 30*u + 181. Let a be w(31). Calculate z(a).
-12
Suppose 2*b - 5*c - 161 = 0, 274 = 3*b - 2*c + c. Suppose -b + 79 = -l. Let h(q) = -l*q**3 - 18*q**3 + 5*q**2 - 7 + 2*q + 31*q**3. Give h(5).
3
Let m(h) = 2*h**3 - 5*h + 26. Let f be m(-3). Let n(c) = c**3 + 25*c**2 + 155*c - 9. Give n(f).
4
Let c(l) = 12*l + 1. Let k(q) = 26*q - 6. Let u(n) = c(n) - k(n). Give u(-6).
91
Let y(j) = -6*j - 21. Let n(m) = m + 2. Let x(t) = -2*n(t) - y(t). Calculate x(6).
41
Let w(v) = 7*v**2 + 5*v - 7. Let t be (4/6)/((-200)/(-12) - 16). What is w(t)?
5
Let l(j) = -2 - 20*j**2 + 2*j**2 - 2*j**2 - 8*j + 21*j**2. Let b = -12 + 19. Determine l(b).
-9
Let a(g) = -g**2 + 4. Let m(k) = 9*k**2 - 9*k - 9. Let c(z) = 10*a(z) + m(z). Determine c(-12).
-5
Let r(u) = u**3 - 6*u**2 + 5*u + 11. Let x(d) = -262*d - 2352. Let q be x(-9). Calculate r(q).
41
Let v(i) = -i**2 - 7*i - 2. Let x be v(-6). Let k be (3 + -15)*x/8. Let p be (9/k)/(6/12). Let n(j) = -j - 8. Determine n(p).
-5
Let f(j) = 8*j + 211 - 574 + 193 + 239. What is f(-10)?
-11
Let a(u) be the third derivative of u**4/24 - 29*u**3/6 + 1120*u**2. Calculate a(23).
-6
Suppose 4*m + 4*y - 600 = 0, -6*m - 452 = -9*m - y. Let q = 156 - m. Let s(k) = k**3 - 6*k**2 + 6*k - 5. Calculate s(q).
0
Suppose 2 = -4*t - 26. Let y(r) = 155 - 3*r + 3*r - 11*r - 165 + 10*r. What is y(t)?
-3
Let r be (63/(-14))/(-3) + 177/6. Let b = -38 + r. Let h(t) be the third derivative of t**6/120 + t**5/10 - t**4/4 - t**3/6 + t**2. What is h(b)?
-8
Let w(a) = -a**3 - a**2 + a + 9. Suppose 3*x + 15 = 0, -y + 15 = 4*y - 4*x. Let c be (-34)/(-306) - y/(-9). Determine w(c).
9
Let t(d) be the third derivative of d**4/24 - 5*d**3/3 - 3718*d**2. Determine t(15).
5
Let k(i) = 2*i + 28. Let c(q) = q**3 - 10*q**2 - 32*q + 87. Let b be c(12). Calculate k(b).
10
Suppose -5*a = -4*z + 58, 1 = a + 3. Suppose -133 = 7*w + z*w. Let l(o) = o + 6. Calculate l(w).
-1
Let x = 194 + -195. Let m(s) = 7*s**2 - 2. Let q be m(x). Let t(a) = -a**2 + 2*a - 2. Determine t(q).
-17
Let v be 6 - (((-16)/9)/(-4) + 1640/360). Let x(h) = 2*h**3 - 4*h**2 + 2*h + 1. Give x(v).
1
Let z be ((-4)/((4 - -13) + -11))/(4/(-30)). Let j(i) = 16*i - 33. Let r(w) = -4*w + 8. Let l(f) = -2*j(f) - 9*r(f). Calculate l(z).
14
Let u(j) = j**3 + 9*j**2 + 11*j + 9. Let r be u(-7). Let q be (-8)/(-3)*(r/(-4))/(-5). Let y(n) = 7*n - n**3 + 211*n**2 - 5 - 216*n**2 + 2*n**3. Give y(q).
7
Let t(q) = -116*q**2 - 3*q + 2. Suppose -38*o - 1140 = -1178. What is t(o)?
-117
Let q = -15 - -18. Suppose 2*a - h + 9 = 0, -q*a = -5*h + 20 + 11. Let j(t) = 6*t**2 - 2*t - 3. Calculate j(a).
25
Suppose -339*n + 20 = -337*n. Suppose 0*r + 3*r - 5*x = 1, -n = 4*r - x. Let l(j) = 5*j + 6. Let q(i) = -21*i - 25. Let p(o) = -9*l(o) - 2*q(o). Determine p(r).
5
Let n(b) be the second de